{"id":11,"date":"2023-03-14T09:56:52","date_gmt":"2023-03-14T09:56:52","guid":{"rendered":"http:\/\/flash-com.pl\/spwyszkow\/?page_id=11"},"modified":"2023-03-14T12:26:23","modified_gmt":"2023-03-14T12:26:23","slug":"o-nas","status":"publish","type":"page","link":"http:\/\/flash-com.pl\/spwyszkow\/o-nas\/","title":{"rendered":"o nas"},"content":{"rendered":"\n<h1 class=\"wp-block-heading\">Stowarzyszenie Przyjaci\u00f3\u0142 Wyszkowa, Puszczy Bia\u0142ej i Kamienieckiej<\/h1>\n\n\n\n<p>Organizacja spo\u0142eczna powsta\u0142a w pocz\u0105tku lat dziewi\u0119\u0107dziesi\u0105tych, gdy pojawi\u0142a si\u0119 potrzeba obrony historycznej lokalizacji obelisku Waz\u00f3w przy ulicy 3 Maja (dzia\u0142aj\u0105ce w\u00f3wczas organizacje nie podj\u0119\u0142y si\u0119 tego zadania). Inicjatorem jej powstania by\u0142 <strong>Ireneusz Sk\u0142adanowski<\/strong> \u201eSenior\u201d.<\/p>\n\n\n\n<p>Nazwa organizacji informuje o jej celu; chodzi skupienie os\u00f3b i inicjatyw, d\u0105\u017c\u0105cych do kultywowania pi\u0119knych tradycji Wyszkowa oraz najbli\u017cszej okolicy \u2013 zar\u00f3wno Puszczy Bia\u0142ej jak i teren\u00f3w zlokalizowanych na po\u0142udnie od Bugu.<\/p>\n\n\n\n<p>W\u015br\u00f3d realizowanych form dzia\u0142alno\u015bci Stowarzyszenia wymieni\u0107 nale\u017cy m.in.: prowadzenie zespo\u0142u \u015bpiewaczego \u201eWyszkowiacy\u201d (przy wsparciu Gminy Wyszk\u00f3w), wydawanie publikacji regionalnych (m.in. reedycja \u201epomnikowego\u201d dzie\u0142a Marii \u017bywirskiej pt. \u201ePuszcza Bia\u0142a, jej dzieje i kultura\u201d) oraz wspieranie najr\u00f3\u017cniejszych inicjatyw i przedsi\u0119wzi\u0119\u0107 lokalnych (np. rajdy rowerowe, renowacja zabytkowych nagrobk\u00f3w).<\/p>\n\n\n\n<p>Wszystkie&nbsp; dzia\u0142ania Stowarzyszenia s\u0105 prowadzone niekomercyjnie, na zasadzie spo\u0142ecznikowskiej. G\u0142\u00f3wnym za\u0142o\u017ceniem organizacji jest, by \u0142\u0105czy\u0107, a nie dzieli\u0107. Wspiera\u0107 wszystkich, kt\u00f3rym na sercu le\u017cy dobro naszej \u201ema\u0142ej ojczyzny\u201d.<\/p>\n\n\n\n<p>Szerzej na temat organizacji \u2013 patrz zak\u0142adka \u201eZ DZIEJ\u00d3W STOWARZYSZENIA\u201d.<\/p>\n","protected":false},"excerpt":{"rendered":"<p>Stowarzyszenie Przyjaci\u00f3\u0142 Wyszkowa, Puszczy Bia\u0142ej i Kamienieckiej Organizacja spo\u0142eczna powsta\u0142a w pocz\u0105tku lat dziewi\u0119\u0107dziesi\u0105tych, gdy pojawi\u0142a si\u0119 potrzeba obrony historycznej lokalizacji obelisku Waz\u00f3w przy ulicy 3 Maja (dzia\u0142aj\u0105ce w\u00f3wczas organizacje nie podj\u0119\u0142y si\u0119 tego zadania). Inicjatorem jej powstania by\u0142 Ireneusz Sk\u0142adanowski \u201eSenior\u201d. Nazwa organizacji informuje o jej celu; chodzi skupienie os\u00f3b i inicjatyw, d\u0105\u017c\u0105cych do &hellip; <a href=\"http:\/\/flash-com.pl\/spwyszkow\/o-nas\/\" class=\"more-link\">Czytaj dalej <span class=\"screen-reader-text\">o nas<\/span> <span class=\"meta-nav\">&rarr;<\/span><\/a><\/p>\n","protected":false},"author":1,"featured_media":0,"parent":0,"menu_order":0,"comment_status":"closed","ping_status":"closed","template":"","meta":{"footnotes":""},"class_list":["post-11","page","type-page","status-publish","hentry"],"_links":{"self":[{"href":"http:\/\/flash-com.pl\/spwyszkow\/wp-json\/wp\/v2\/pages\/11","targetHints":{"allow":["GET"]}}],"collection":[{"href":"http:\/\/flash-com.pl\/spwyszkow\/wp-json\/wp\/v2\/pages"}],"about":[{"href":"http:\/\/flash-com.pl\/spwyszkow\/wp-json\/wp\/v2\/types\/page"}],"author":[{"embeddable":true,"href":"http:\/\/flash-com.pl\/spwyszkow\/wp-json\/wp\/v2\/users\/1"}],"replies":[{"embeddable":true,"href":"http:\/\/flash-com.pl\/spwyszkow\/wp-json\/wp\/v2\/comments?post=11"}],"version-history":[{"count":2,"href":"http:\/\/flash-com.pl\/spwyszkow\/wp-json\/wp\/v2\/pages\/11\/revisions"}],"predecessor-version":[{"id":100,"href":"http:\/\/flash-com.pl\/spwyszkow\/wp-json\/wp\/v2\/pages\/11\/revisions\/100"}],"wp:attachment":[{"href":"http:\/\/flash-com.pl\/spwyszkow\/wp-json\/wp\/v2\/media?parent=11"}],"curies":[{"name":"wp","href":"https:\/\/api.w.org\/{rel}","templated":true}]}}

<h1 class="wp-block-heading">Stowarzyszenie Przyjaciół Wyszkowa, Puszczy Białej i Kamienieckiej</h1>



<p>Organizacja społeczna powstała w początku lat dziewięćdziesiątych, gdy pojawiła się potrzeba obrony historycznej lokalizacji obelisku Wazów przy ulicy 3 Maja (działające wówczas organizacje nie podjęły się tego zadania). Inicjatorem jej powstania był <strong>Ireneusz Składanowski</strong> „Senior”.</p>



<p>Nazwa organizacji informuje o jej celu; chodzi skupienie osób i inicjatyw, dążących do kultywowania pięknych tradycji Wyszkowa oraz najbliższej okolicy – zarówno Puszczy Białej jak i terenów zlokalizowanych na południe od Bugu.</p>



<p>Wśród realizowanych form działalności Stowarzyszenia wymienić należy m.in.: prowadzenie zespołu śpiewaczego „Wyszkowiacy” (przy wsparciu Gminy Wyszków), wydawanie publikacji regionalnych (m.in. reedycja „pomnikowego” dzieła Marii Żywirskiej pt. „Puszcza Biała, jej dzieje i kultura”) oraz wspieranie najróżniejszych inicjatyw i przedsięwzięć lokalnych (np. rajdy rowerowe, renowacja zabytkowych nagrobków).</p>



<p>Wszystkie&nbsp; działania Stowarzyszenia są prowadzone niekomercyjnie, na zasadzie społecznikowskiej. Głównym założeniem organizacji jest, by łączyć, a nie dzielić. Wspierać wszystkich, którym na sercu leży dobro naszej „małej ojczyzny”.</p>



<p>Szerzej na temat organizacji – patrz zakładka „Z DZIEJÓW STOWARZYSZENIA”.</p>

<p>Stowarzyszenie Przyjaciół Wyszkowa, Puszczy Białej i Kamienieckiej Organizacja społeczna powstała w początku lat dziewięćdziesiątych, gdy pojawiła się potrzeba obrony historycznej lokalizacji obelisku Wazów przy ulicy 3 Maja (działające wówczas organizacje nie podjęły się tego zadania). Inicjatorem jej powstania był Ireneusz Składanowski „Senior”. Nazwa organizacji informuje o jej celu; chodzi skupienie osób i inicjatyw, dążących do &hellip; <a href="http://flash-com.pl/spwyszkow/o-nas/" class="more-link">Czytaj dalej <span class="screen-reader-text">o nas</span> <span class="meta-nav">&rarr;</span></a></p>
