{"id":22,"date":"2023-03-14T09:59:38","date_gmt":"2023-03-14T09:59:38","guid":{"rendered":"http:\/\/flash-com.pl\/spwyszkow\/?page_id=22"},"modified":"2023-03-14T11:55:07","modified_gmt":"2023-03-14T11:55:07","slug":"wladze","status":"publish","type":"page","link":"http:\/\/flash-com.pl\/spwyszkow\/wladze\/","title":{"rendered":"w\u0142adze"},"content":{"rendered":"\n<p>Aktualnie, kolejn\u0105 kadencj\u0119 (w takim sk\u0142adzie od 2005r.) <\/p>\n\n\n\n<p><strong>Zarz\u0105d Stowarzyszenia<\/strong> stanowi\u0105: <strong>Adam M. Mickiewicz<\/strong> \u2013 prezes zarz\u0105du; <\/p>\n\n\n\n<p><strong>Miros\u0142aw Powierza<\/strong> \u2013 wiceprezes i sekretarz; <\/p>\n\n\n\n<p><strong>Wanda Pych<\/strong> \u2013 wiceprezes, odpowiedzialna za zesp\u00f3\u0142 \u201eWyszkowiacy\u201d;<\/p>\n\n\n\n<p> <strong>Robert Szul\u0119cki<\/strong> \u2013 skarbnik; <\/p>\n\n\n\n<p><strong>Piotr Wo\u017any<\/strong> \u2013 cz\u0142onek.<\/p>\n","protected":false},"excerpt":{"rendered":"<p>Aktualnie, kolejn\u0105 kadencj\u0119 (w takim sk\u0142adzie od 2005r.) Zarz\u0105d Stowarzyszenia stanowi\u0105: Adam M. Mickiewicz \u2013 prezes zarz\u0105du; Miros\u0142aw Powierza \u2013 wiceprezes i sekretarz; Wanda Pych \u2013 wiceprezes, odpowiedzialna za zesp\u00f3\u0142 \u201eWyszkowiacy\u201d; Robert Szul\u0119cki \u2013 skarbnik; Piotr Wo\u017any \u2013 cz\u0142onek.<\/p>\n","protected":false},"author":1,"featured_media":0,"parent":0,"menu_order":0,"comment_status":"closed","ping_status":"closed","template":"","meta":{"footnotes":""},"class_list":["post-22","page","type-page","status-publish","hentry"],"_links":{"self":[{"href":"http:\/\/flash-com.pl\/spwyszkow\/wp-json\/wp\/v2\/pages\/22","targetHints":{"allow":["GET"]}}],"collection":[{"href":"http:\/\/flash-com.pl\/spwyszkow\/wp-json\/wp\/v2\/pages"}],"about":[{"href":"http:\/\/flash-com.pl\/spwyszkow\/wp-json\/wp\/v2\/types\/page"}],"author":[{"embeddable":true,"href":"http:\/\/flash-com.pl\/spwyszkow\/wp-json\/wp\/v2\/users\/1"}],"replies":[{"embeddable":true,"href":"http:\/\/flash-com.pl\/spwyszkow\/wp-json\/wp\/v2\/comments?post=22"}],"version-history":[{"count":4,"href":"http:\/\/flash-com.pl\/spwyszkow\/wp-json\/wp\/v2\/pages\/22\/revisions"}],"predecessor-version":[{"id":94,"href":"http:\/\/flash-com.pl\/spwyszkow\/wp-json\/wp\/v2\/pages\/22\/revisions\/94"}],"wp:attachment":[{"href":"http:\/\/flash-com.pl\/spwyszkow\/wp-json\/wp\/v2\/media?parent=22"}],"curies":[{"name":"wp","href":"https:\/\/api.w.org\/{rel}","templated":true}]}}

władze

<p>Aktualnie, kolejną kadencję (w takim składzie od 2005r.) </p>



<p><strong>Zarząd Stowarzyszenia</strong> stanowią: <strong>Adam M. Mickiewicz</strong> – prezes zarządu; </p>



<p><strong>Mirosław Powierza</strong> – wiceprezes i sekretarz; </p>



<p><strong>Wanda Pych</strong> – wiceprezes, odpowiedzialna za zespół „Wyszkowiacy”;</p>



<p> <strong>Robert Szulęcki</strong> – skarbnik; </p>



<p><strong>Piotr Woźny</strong> – członek.</p>

<p>Aktualnie, kolejną kadencję (w takim składzie od 2005r.) Zarząd Stowarzyszenia stanowią: Adam M. Mickiewicz – prezes zarządu; Mirosław Powierza – wiceprezes i sekretarz; Wanda Pych – wiceprezes, odpowiedzialna za zespół „Wyszkowiacy”; Robert Szulęcki – skarbnik; Piotr Woźny – członek.</p>
