{"id":31,"date":"2023-03-14T09:59:38","date_gmt":"2023-03-14T09:59:38","guid":{"rendered":"http:\/\/flash-com.pl\/spwyszkow\/?page_id=31"},"modified":"2023-03-14T10:01:56","modified_gmt":"2023-03-14T10:01:56","slug":"wsparli-nas","status":"publish","type":"page","link":"http:\/\/flash-com.pl\/spwyszkow\/wsparli-nas\/","title":{"rendered":"wsparli nas"},"content":{"rendered":"\n<h5 class=\"wp-block-heading\"><strong>Organizacj\u0119 jubileuszu 25-lecia Zespo\u0142u \u201eWyszkowiacy\u201d i Stowarzyszenia wsparli (darczy\u0144cy \u2013 z wyrazami uznania i podzi\u0119kowaniem):<\/strong><\/h5>\n\n\n\n<h6 class=\"wp-block-heading\"><em>Urz\u0105d Miejski w Wyszkowie (burmistrz Grzegorz Nowosielski); Szko\u0142a Podstawowa Nr 4 w Wyszkowie (dyrektor Ewa Runo); Wyszkowski O\u015brodek Sportu i Rekreacji (dyrektor Marek Wi\u015bniewski); Zesp\u00f3\u0142 Szk\u00f3\u0142 Nr 3 im. J.&nbsp;Kochanowskiego (dyrektor El\u017cbieta Michalik); Szko\u0142a Podstawowa im. Jana Paw\u0142a&nbsp; II w Leszczydole Nowinach (dyrektor Krzysztof Ochma\u0144ski); Szko\u0142a Podstawowa Nr 2 im. W.&nbsp;Broniewskiego (dyrektor Wies\u0142aw Pasek); BF Transport (Norbert Wyszy\u0144ski); Przedsi\u0119biorstwo Wodoci\u0105g\u00f3w i&nbsp;Kanalizacji w Wyszkowie (prezes Daniel Bogdan); Bank Sp\u00f3\u0142dzielczy w Wyszkowie (prezes S\u0142awomir Chmielak); Firma Transportowa (El\u017cbieta Welik); Firma Transportowa (Agnieszka Kraszewska); Firma Transportowa (Zbigniew i Marek Wyszy\u0144ski); Zak\u0142ady Mi\u0119sne \u201eSomianka\u201d (Henryka i Andrzej Ruci\u0144ski); WCMB Wyszk\u00f3w (prezes Tomasz Biernacki); Piekarnia \u017bytnia (Krzysztof i Wojciech Rasi\u0144scy); Piekarnia Bra\u0144szczyk (Wanda Depta).<\/em><\/h6>\n\n\n\n<h4 class=\"wp-block-heading\">Instytucje&nbsp; i osoby od lat wspieraj\u0105cy Stowarzyszenie i jego dzia\u0142ania:<\/h4>\n\n\n\n<ul class=\"wp-block-list\">\n<li><em>Urz\u0105d Miejski w Wyszkowie (burmistrz Grzegorz Nowosielski)<\/em><\/li>\n\n\n\n<li>Starostwo Powiatowe w Wyszkowie (starosta Bogdan P\u0105gowski)<\/li>\n\n\n\n<li>Nadle\u015bnictwo Wyszk\u00f3w (nadle\u015bniczy Wojciech Kwiatkowski)<\/li>\n\n\n\n<li>Wyszkowski O\u015brodek Kultury \u201eHutnik\u201d (dyrektor Mariusz Kowalski)<\/li>\n\n\n\n<li>Powiatowy O\u015brodek Kultury i Sportu w Wyszkowie (dyrektor Maria Gajewska)<\/li>\n\n\n\n<li><em>O\u015brodek Sportu i Rekreacji (dyrektor Marek Wi\u015bniewski)<\/em><\/li>\n\n\n\n<li><em>Szko\u0142a Podstawowa Nr 2 im. W.&nbsp;Broniewskiego (dyrektor Wies\u0142aw Pasek)<\/em><\/li>\n\n\n\n<li><em>Bank Sp\u00f3\u0142dzielczy w Wyszkowie (prezes S\u0142awomir Chmielak<\/em>)<\/li>\n\n\n\n<li>Ardagh Glass S.A. (huta szk\u0142a \u2013 Jerzy \u017bo\u0142yniak)<\/li>\n\n\n\n<li>Nadle\u015bnictwo Ostr\u00f3w Mazowiecka (nadle\u015bniczy Piotr U\u015bcian-Szaci\u0142owski)<\/li>\n<\/ul>\n","protected":false},"excerpt":{"rendered":"<p>Organizacj\u0119 jubileuszu 25-lecia Zespo\u0142u \u201eWyszkowiacy\u201d i Stowarzyszenia wsparli (darczy\u0144cy \u2013 z wyrazami uznania i podzi\u0119kowaniem): Urz\u0105d Miejski w Wyszkowie (burmistrz Grzegorz Nowosielski); Szko\u0142a Podstawowa Nr 4 w Wyszkowie (dyrektor Ewa Runo); Wyszkowski O\u015brodek Sportu i Rekreacji (dyrektor Marek Wi\u015bniewski); Zesp\u00f3\u0142 Szk\u00f3\u0142 Nr 3 im. J.&nbsp;Kochanowskiego (dyrektor El\u017cbieta Michalik); Szko\u0142a Podstawowa im. Jana Paw\u0142a&nbsp; II w &hellip; <a href=\"http:\/\/flash-com.pl\/spwyszkow\/wsparli-nas\/\" class=\"more-link\">Czytaj dalej <span class=\"screen-reader-text\">wsparli nas<\/span> <span class=\"meta-nav\">&rarr;<\/span><\/a><\/p>\n","protected":false},"author":1,"featured_media":0,"parent":0,"menu_order":0,"comment_status":"closed","ping_status":"closed","template":"","meta":{"footnotes":""},"class_list":["post-31","page","type-page","status-publish","hentry"],"_links":{"self":[{"href":"http:\/\/flash-com.pl\/spwyszkow\/wp-json\/wp\/v2\/pages\/31","targetHints":{"allow":["GET"]}}],"collection":[{"href":"http:\/\/flash-com.pl\/spwyszkow\/wp-json\/wp\/v2\/pages"}],"about":[{"href":"http:\/\/flash-com.pl\/spwyszkow\/wp-json\/wp\/v2\/types\/page"}],"author":[{"embeddable":true,"href":"http:\/\/flash-com.pl\/spwyszkow\/wp-json\/wp\/v2\/users\/1"}],"replies":[{"embeddable":true,"href":"http:\/\/flash-com.pl\/spwyszkow\/wp-json\/wp\/v2\/comments?post=31"}],"version-history":[{"count":2,"href":"http:\/\/flash-com.pl\/spwyszkow\/wp-json\/wp\/v2\/pages\/31\/revisions"}],"predecessor-version":[{"id":58,"href":"http:\/\/flash-com.pl\/spwyszkow\/wp-json\/wp\/v2\/pages\/31\/revisions\/58"}],"wp:attachment":[{"href":"http:\/\/flash-com.pl\/spwyszkow\/wp-json\/wp\/v2\/media?parent=31"}],"curies":[{"name":"wp","href":"https:\/\/api.w.org\/{rel}","templated":true}]}}

<h5 class="wp-block-heading"><strong>Organizację jubileuszu 25-lecia Zespołu „Wyszkowiacy” i Stowarzyszenia wsparli (darczyńcy – z wyrazami uznania i podziękowaniem):</strong></h5>



<h6 class="wp-block-heading"><em>Urząd Miejski w Wyszkowie (burmistrz Grzegorz Nowosielski); Szkoła Podstawowa Nr 4 w Wyszkowie (dyrektor Ewa Runo); Wyszkowski Ośrodek Sportu i Rekreacji (dyrektor Marek Wiśniewski); Zespół Szkół Nr 3 im. J.&nbsp;Kochanowskiego (dyrektor Elżbieta Michalik); Szkoła Podstawowa im. Jana Pawła&nbsp; II w Leszczydole Nowinach (dyrektor Krzysztof Ochmański); Szkoła Podstawowa Nr 2 im. W.&nbsp;Broniewskiego (dyrektor Wiesław Pasek); BF Transport (Norbert Wyszyński); Przedsiębiorstwo Wodociągów i&nbsp;Kanalizacji w Wyszkowie (prezes Daniel Bogdan); Bank Spółdzielczy w Wyszkowie (prezes Sławomir Chmielak); Firma Transportowa (Elżbieta Welik); Firma Transportowa (Agnieszka Kraszewska); Firma Transportowa (Zbigniew i Marek Wyszyński); Zakłady Mięsne „Somianka” (Henryka i Andrzej Ruciński); WCMB Wyszków (prezes Tomasz Biernacki); Piekarnia Żytnia (Krzysztof i Wojciech Rasińscy); Piekarnia Brańszczyk (Wanda Depta).</em></h6>



<h4 class="wp-block-heading">Instytucje&nbsp; i osoby od lat wspierający Stowarzyszenie i jego działania:</h4>



<ul class="wp-block-list">
<li><em>Urząd Miejski w Wyszkowie (burmistrz Grzegorz Nowosielski)</em></li>



<li>Starostwo Powiatowe w Wyszkowie (starosta Bogdan Pągowski)</li>



<li>Nadleśnictwo Wyszków (nadleśniczy Wojciech Kwiatkowski)</li>



<li>Wyszkowski Ośrodek Kultury „Hutnik” (dyrektor Mariusz Kowalski)</li>



<li>Powiatowy Ośrodek Kultury i Sportu w Wyszkowie (dyrektor Maria Gajewska)</li>



<li><em>Ośrodek Sportu i Rekreacji (dyrektor Marek Wiśniewski)</em></li>



<li><em>Szkoła Podstawowa Nr 2 im. W.&nbsp;Broniewskiego (dyrektor Wiesław Pasek)</em></li>



<li><em>Bank Spółdzielczy w Wyszkowie (prezes Sławomir Chmielak</em>)</li>



<li>Ardagh Glass S.A. (huta szkła – Jerzy Żołyniak)</li>



<li>Nadleśnictwo Ostrów Mazowiecka (nadleśniczy Piotr Uścian-Szaciłowski)</li>
</ul>

<p>Organizację jubileuszu 25-lecia Zespołu „Wyszkowiacy” i Stowarzyszenia wsparli (darczyńcy – z wyrazami uznania i podziękowaniem): Urząd Miejski w Wyszkowie (burmistrz Grzegorz Nowosielski); Szkoła Podstawowa Nr 4 w Wyszkowie (dyrektor Ewa Runo); Wyszkowski Ośrodek Sportu i Rekreacji (dyrektor Marek Wiśniewski); Zespół Szkół Nr 3 im. J.&nbsp;Kochanowskiego (dyrektor Elżbieta Michalik); Szkoła Podstawowa im. Jana Pawła&nbsp; II w &hellip; <a href="http://flash-com.pl/spwyszkow/wsparli-nas/" class="more-link">Czytaj dalej <span class="screen-reader-text">wsparli nas</span> <span class="meta-nav">&rarr;</span></a></p>
