{"id":9,"date":"2023-03-14T09:56:52","date_gmt":"2023-03-14T09:56:52","guid":{"rendered":"http:\/\/flash-com.pl\/spwyszkow\/?page_id=9"},"modified":"2023-03-14T13:25:03","modified_gmt":"2023-03-14T13:25:03","slug":"strona-glowna","status":"publish","type":"page","link":"http:\/\/flash-com.pl\/spwyszkow\/strona-glowna\/","title":{"rendered":"Strona g\u0142\u00f3wna"},"content":{"rendered":"\n<h2 class=\"wp-block-heading\">Uroczysto\u015b\u0107 w 100-lecie odzyskania przez Wyszk\u00f3w praw miejskich oraz warsztaty muzyczne<\/h2>\n\n\n\n<p><strong>Uroczysto\u015b\u0107 w 100-lecie odzyskania przez Wyszk\u00f3w praw miejskich oraz warsztaty muzyczne<\/strong><\/p>\n\n\n\n<figure class=\"wp-block-image size-full\"><img fetchpriority=\"high\" decoding=\"async\" width=\"1024\" height=\"681\" src=\"http:\/\/flash-com.pl\/spwyszkow\/wp-content\/uploads\/2023\/03\/a1.jpg\" alt=\"\" class=\"wp-image-98\" srcset=\"http:\/\/flash-com.pl\/spwyszkow\/wp-content\/uploads\/2023\/03\/a1.jpg 1024w, http:\/\/flash-com.pl\/spwyszkow\/wp-content\/uploads\/2023\/03\/a1-300x200.jpg 300w, http:\/\/flash-com.pl\/spwyszkow\/wp-content\/uploads\/2023\/03\/a1-768x511.jpg 768w\" sizes=\"(max-width: 1024px) 100vw, 1024px\" \/><\/figure>\n\n\n\n<h2 class=\"wp-block-heading\">Rajd rowerowy 3 maja 2019<\/h2>\n\n\n\n<figure class=\"wp-block-image size-full\"><img decoding=\"async\" width=\"601\" height=\"850\" src=\"http:\/\/flash-com.pl\/spwyszkow\/wp-content\/uploads\/2023\/03\/3_maja_rajd.2019.jpg\" alt=\"\" class=\"wp-image-95\" srcset=\"http:\/\/flash-com.pl\/spwyszkow\/wp-content\/uploads\/2023\/03\/3_maja_rajd.2019.jpg 601w, http:\/\/flash-com.pl\/spwyszkow\/wp-content\/uploads\/2023\/03\/3_maja_rajd.2019-212x300.jpg 212w\" sizes=\"(max-width: 601px) 100vw, 601px\" \/><\/figure>\n","protected":false},"excerpt":{"rendered":"<p>Uroczysto\u015b\u0107 w 100-lecie odzyskania przez Wyszk\u00f3w praw miejskich oraz warsztaty muzyczne Uroczysto\u015b\u0107 w 100-lecie odzyskania przez Wyszk\u00f3w praw miejskich oraz warsztaty muzyczne Rajd rowerowy 3 maja 2019<\/p>\n","protected":false},"author":1,"featured_media":0,"parent":0,"menu_order":0,"comment_status":"closed","ping_status":"closed","template":"","meta":{"footnotes":""},"class_list":["post-9","page","type-page","status-publish","hentry"],"_links":{"self":[{"href":"http:\/\/flash-com.pl\/spwyszkow\/wp-json\/wp\/v2\/pages\/9","targetHints":{"allow":["GET"]}}],"collection":[{"href":"http:\/\/flash-com.pl\/spwyszkow\/wp-json\/wp\/v2\/pages"}],"about":[{"href":"http:\/\/flash-com.pl\/spwyszkow\/wp-json\/wp\/v2\/types\/page"}],"author":[{"embeddable":true,"href":"http:\/\/flash-com.pl\/spwyszkow\/wp-json\/wp\/v2\/users\/1"}],"replies":[{"embeddable":true,"href":"http:\/\/flash-com.pl\/spwyszkow\/wp-json\/wp\/v2\/comments?post=9"}],"version-history":[{"count":5,"href":"http:\/\/flash-com.pl\/spwyszkow\/wp-json\/wp\/v2\/pages\/9\/revisions"}],"predecessor-version":[{"id":111,"href":"http:\/\/flash-com.pl\/spwyszkow\/wp-json\/wp\/v2\/pages\/9\/revisions\/111"}],"wp:attachment":[{"href":"http:\/\/flash-com.pl\/spwyszkow\/wp-json\/wp\/v2\/media?parent=9"}],"curies":[{"name":"wp","href":"https:\/\/api.w.org\/{rel}","templated":true}]}}